se 21 = 4*i - 11. Let n be j(i). What is the greatest common factor of 6 and n?
6
Let z(y) = 8*y - 66. Let x be z(7). Let w be (324/20)/((-3)/x). What is the greatest common divisor of 72 and w?
18
Let f = -979 + 1063. Calculate the highest common factor of f and 364.
28
Let l = 20 + -19. Suppose -2*q = l - 5. Calculate the greatest common divisor of 2 and q.
2
Suppose -1334 = 4*u - 3*o + 518, 5*u + 2320 = 5*o. Let q be (-4)/6 + u/(-15). What is the greatest common factor of q and 75?
15
Let i = 2 - 1. Suppose y - i = -0. Suppose 9 = -6*l + 9*l. Calculate the greatest common factor of y and l.
1
Suppose -112 = -4*f + 2*t, -5*f + 45 + 90 = -5*t. Let r = -28 + f. Let a = r + 24. What is the highest common divisor of 200 and a?
25
Let q(c) = 9*c**2 + 3*c + 3. Let h be q(-1). Suppose 2*s - 10 = 2*u, 4*u + 2 = 5*u. Suppose -h*d + s*d = -36. What is the highest common factor of d and 9?
9
Suppose 3*r + 16 = 2*r + 4*q, -2*q + 8 = 2*r. Suppose -5*f - 5 = -6*f. Suppose 0 = -f*g - r + 55. Calculate the greatest common divisor of g and 121.
11
Let h(d) = -13*d - 1 - 4*d**2 - 3*d**2 + 7*d**2 - d**2. Let w be h(-12). What is the greatest common factor of 77 and w?
11
Let g = -55 + 53. Let a be ((-78)/(-12))/(g/(-12)). What is the highest common divisor of 156 and a?
39
Suppose -3*a + 1637 = 4*x, 0 = -2*a + 9 - 3. What is the highest common divisor of x and 11?
11
Suppose -14 = -5*z + 1. Suppose 4*k = 12 - 0. Suppose -2*q - 4*d = -5*d - 50, -k*q - d = -70. What is the greatest common divisor of q and z?
3
Let w = -9 + 13. Suppose -w*f = -127 + 15. Let x = -140 - -336. What is the greatest common factor of x and f?
28
Let k = -547 - -771. Calculate the greatest common divisor of k and 14.
14
Let w be (((-164)/(-3))/(-4))/((-4)/192). What is the greatest common factor of 16 and w?
16
Let z = 53 + 75. Suppose -23 = 3*y - z. Calculate the highest common divisor of y and 245.
35
Let q be (-27)/(-45) - 2/(-5). Suppose -7 = -2*t + q. Suppose 0 = 4*g + l - 108, -5*g + 181 = -t*l + 25. Calculate the greatest common divisor of g and 14.
14
Let d be 21 - (0 + 2 + -3). Let z = -2 + d. Suppose -3*k = -5*p - z, -p - 42 = -5*k + 3*p. What is the greatest common divisor of k and 2?
2
Suppose -4*c + 3*v + v = -24, 5*c + v - 24 = 0. Let x = -11 - -13. Suppose -81 = -c*w + 3*i, -w + i - 13 = -x*w. What is the highest common divisor of w and 10?
5
Let c(h) = 3*h - 44. Let j be c(18). Let y = j - 9. Let t(l) = -l + 12. Let i be t(5). What is the greatest common divisor of y and i?
1
Suppose 4*l + 4*v - 20 = 0, -2*l + 3*l = v + 11. Suppose 0 = 4*c - 9*c + 40. Calculate the highest common divisor of l and c.
8
Let g(b) be the third derivative of b**5/60 + 7*b**4/24 - 11*b**3/3 - 4*b**2. Let x be g(-10). What is the highest common divisor of x and 40?
8
Suppose -5*s + 7 - 27 = 0, 3*z = 5*s + 29. Suppose 3*u - 48 = -3*t, -8*u + 48 = z*t - 3*u. What is the highest common divisor of t and 56?
8
Let p(c) = 12*c**2 + 58*c + 8. Let f be p(-5). What is the greatest common divisor of 1980 and f?
18
Let y = -21 + 21. Let h be y - -1 - 9/(18/(-548)). Calculate the greatest common factor of h and 25.
25
Suppose 0 = -2*j - 0*j - 12. Let k be j*((-5)/(-2) + -3). Suppose r = -k*r + 76. What is the highest common factor of r and 19?
19
Let g(o) = -o**3 + 10*o**2 + 4*o + 15. Let a be g(9). What is the greatest common divisor of a and 176?
44
Let x(f) = -f**3 + 8*f**2 + 4*f - 2. Let u = 21 - 13. Let z be x(u). Let q be (-2*3/5)/((-4)/20). What is the highest common divisor of q and z?
6
Let c = -1062 - -1698. What is the highest common factor of c and 12?
12
Let z be (-1)/(-2)*0 + 5. Suppose -6*r + z + 19 = 0. Suppose -r*p + 18 + 34 = 0. Calculate the greatest common divisor of p and 143.
13
Suppose -10 = 3*l - 1. Let b be (-1)/(1*l/6). Let u be (0 - b)*(-22)/4. Calculate the greatest common divisor of u and 11.
11
Let z be (6/(-4))/(6/(-8)). Suppose 0 = -3*i + c + 4*c + 44, 4*i = -4*c + 16. What is the highest common factor of i and z?
2
Let w be (68/(-24) - -3)*6. Let i(j) = -8 + 16 + w - 9*j - j**2 - 2. Let d be i(-7). Calculate the greatest common factor of d and 14.
7
Let l(c) = -25*c + 5. Let v = -72 - -71. Let i be l(v). What is the highest common divisor of 45 and i?
15
Let r = -5 - -3. Let p be (-15)/(-1) + (-4 - r). Suppose -p = -4*l - h, 0*h = -4*l - 4*h + 28. What is the greatest common factor of l and 14?
2
Let o(v) = -3*v**3 - 3*v**2 + 15*v + 1. Let q be o(-6). What is the greatest common factor of q and 11?
11
Let i be 70 - ((-12)/(-2) + 4). What is the highest common factor of i and 45?
15
Let v = 15 - -5. Suppose 3984 = 16*i + 1104. What is the greatest common factor of i and v?
20
Let j(n) = 4*n**2 - 26*n - 132. Let k be j(18). What is the highest common divisor of 96 and k?
24
Let l = -50 - -78. Suppose 7*c = -0*c - l. Let m be (-78)/c + (-3)/6. What is the highest common factor of 76 and m?
19
Let i(o) = -4*o - 9. Let p be i(-7). Suppose 2*g + p = 81. Let z = g - 22. Calculate the highest common divisor of z and 72.
9
Let y = 18 + 125. Calculate the highest common factor of y and 13.
13
Suppose 11 = -3*t - 16. Let s(l) = l**3 + 10*l**2 - 3*l - 4. Let z be s(t). Calculate the highest common divisor of 13 and z.
13
Let s(y) = y + 14. Let f be s(7). Let w(n) = n**3 - 20*n**2 - 16*n + 48. Let q be w(f). Calculate the greatest common divisor of q and 17.
17
Let t = -12 + 44. Let x = 18 - 14. Let z be 1*t/x + 3. Calculate the greatest common divisor of z and 11.
11
Suppose -3*h + 64 = -2*r - 18, -4 = -r. What is the highest common divisor of 230 and h?
10
Suppose 0*w = w, 4*g + 8 = -4*w. Let v be ((-4)/5)/(g/5). Suppose -2*z + 38 = -3*u + v, -4*u = 5*z - 44. What is the highest common factor of 84 and z?
12
Let i be 48/84*(-14)/(-2). Suppose i*l + 4*v - 7 = 13, v - 17 = -5*l. Let x be 0 + 1 + 9 - 1. What is the highest common divisor of x and l?
3
Let h(q) = -14 - 3*q - 5*q**2 + 6*q**2 + 14*q + 2*q. Let y be h(-15). Calculate the highest common factor of 16 and y.
16
Let a be ((-6)/(-4))/(4/(-32)*-3). Let f be 3/((-18)/a) - (-3538)/87. Let r = -7 + 27. Calculate the greatest common factor of f and r.
20
Suppose -2*m + 5*g - 48 = m, 0 = 2*m + g + 32. Let u = 26 + m. Let q(y) = 3*y + 4. Let v be q(7). Calculate the highest common divisor of u and v.
5
Let q(r) = r**3 - 2*r + 1. Let o be q(0). Let l be ((-70)/(-20))/(o/14). Calculate the greatest common divisor of l and 441.
49
Suppose -51 = 6*d + 9. Suppose -10*o + 8*o = 32. Let y = d - o. Calculate the highest common factor of 42 and y.
6
Let w be (51 + -84)/(7/(-2) - -2). Calculate the highest common divisor of 1342 and w.
22
Let x be (117/(-26))/((-9)/12). Calculate the greatest common divisor of 270 and x.
6
Let m = -449 - -465. Let i be -4*-5*(4 + -2). What is the highest common divisor of i and m?
8
Let y be (12/(-10))/((-5)/(100/8)). Suppose y*s = -4*l + 39, 8*s - 3*s - 49 = -4*l. Calculate the greatest common factor of l and 9.
3
Let u be 203/6 - 7/(-210)*5. What is the highest common factor of 323 and u?
17
Suppose 76 = -4*z + 8*z. Let x = 40 - z. Suppose -2*r + 4*r - 34 = -2*q, -33 = -3*r + 3*q. Calculate the highest common divisor of r and x.
7
Let k(q) = 0 - 3 + 1 - 14*q. Suppose 0 = 19*f - 6*f + 26. Let b be k(f). What is the greatest common factor of b and 65?
13
Let g be 18 - 2 - (8 - 11 - -4). Suppose 2*n - v = 3*v + 34, -70 = -5*n - 5*v. What is the highest common factor of g and n?
15
Suppose 1374 = 37*r - 1882. What is the highest common factor of r and 44?
44
Suppose 2*x - 5 = -3*x. Let j(u) = 19*u**3 - 2*u**2 + u. Let p be j(x). What is the highest common divisor of 2 and p?
2
Let y = 52 - 7. Suppose 0 = 2*o - 3*c - 93, -2*o + 30 + y = 3*c. Calculate the greatest common divisor of o and 28.
14
Let d be 10/3 - 1/3. Suppose 4 + 2 = d*i. Suppose -2*a = -2*w + 2*a + 4, i*a + 26 = 4*w. What is the highest common divisor of 72 and w?
8
Suppose 3*w = 2*i + 2*w + 3, 0 = -5*i - 5*w + 15. Suppose i = -2*t + 3*t - y - 68, 3*t = -4*y + 183. What is the greatest common divisor of 13 and t?
13
Suppose 33 - 5 = 4*m. Suppose -m = -z + 4*t, -3*z + 14 = -t - 40. Calculate the greatest common divisor of z and 57.
19
Suppose -2*g = 4*d + 16 - 122, 5*g = -3*d + 62. What is the highest common factor of 116 and d?
29
Let k(l) = l**3